est common factor of 12512 and 2432224?
544
What is the greatest common factor of 29152207 and 7?
7
Calculate the greatest common divisor of 1596 and 246876.
84
What is the highest common factor of 16 and 256237216?
16
What is the highest common divisor of 116432 and 17384753?
7277
Calculate the greatest common factor of 35 and 649855.
5
Calculate the greatest common divisor of 451186 and 348998.
866
Calculate the greatest common divisor of 30573 and 72127.
79
Calculate the greatest common divisor of 2162411 and 190424.
1831
What is the highest common factor of 8517 and 1593681?
501
What is the highest common divisor of 13764954 and 1134?
42
Calculate the greatest common divisor of 121912953 and 183.
183
Calculate the highest common divisor of 35842 and 328.
2
Calculate the highest common divisor of 4 and 491167.
1
What is the greatest common divisor of 370 and 267695?
185
What is the highest common factor of 2859616 and 160?
32
Calculate the greatest common factor of 688 and 1134446984.
344
What is the greatest common factor of 5960 and 19370?
1490
Calculate the highest common divisor of 765 and 1051020.
45
Calculate the highest common divisor of 2473460 and 209.
11
Calculate the highest common factor of 552 and 9435336.
552
What is the greatest common factor of 7 and 29135309?
7
Calculate the highest common divisor of 205823280 and 20.
20
Calculate the greatest common divisor of 154720156 and 122.
122
Calculate the greatest common factor of 267540 and 5829285.
5145
What is the greatest common divisor of 821211 and 9599?
331
Calculate the greatest common factor of 154199335 and 10.
5
Calculate the greatest common divisor of 27 and 53141013.
9
What is the highest common divisor of 103200 and 613200?
1200
What is the greatest common factor of 88960 and 13220?
20
What is the greatest common divisor of 10050301 and 237?
79
What is the greatest common divisor of 6225347 and 376249?
1499
Calculate the highest common factor of 19092 and 890229.
129
What is the highest common divisor of 11590 and 12110980?
190
What is the highest common factor of 10577007 and 40492?
191
What is the greatest common factor of 386972 and 40940?
356
Calculate the greatest common factor of 2766 and 4101018.
6
What is the greatest common divisor of 169610 and 9240?
70
Calculate the greatest common factor of 119330 and 49430.
10
What is the highest common factor of 997840508 and 392?
196
What is the greatest common divisor of 238 and 13329020?
34
What is the greatest common divisor of 152548100 and 1460?
1460
Calculate the highest common factor of 4 and 166744420.
4
What is the highest common factor of 305784 and 17273097?
1233
Calculate the greatest common factor of 564 and 384605700.
564
Calculate the highest common factor of 6101940 and 780.
780
What is the highest common divisor of 68496440 and 40?
40
Calculate the greatest common divisor of 272078592 and 949.
73
Calculate the highest common factor of 130 and 719040.
10
What is the highest common factor of 871 and 1268488?
13
Calculate the highest common factor of 4376374 and 78011.
431
What is the greatest common divisor of 72 and 1310552?
8
What is the greatest common factor of 116283 and 10630788?
1401
What is the greatest common divisor of 36760755 and 285?
15
Calculate the highest common divisor of 16539 and 2828613.
111
What is the highest common factor of 365908 and 884?
68
What is the greatest common factor of 23692477 and 566?
283
Calculate the greatest common divisor of 15538225 and 1220.
305
Calculate the greatest common factor of 7546045 and 74035.
1105
What is the highest common factor of 24 and 7087812?
12
What is the highest common divisor of 476799 and 4488?
51
Calculate the highest common divisor of 157896725 and 1150.
575
What is the highest common divisor of 319390 and 3938700?
190
Calculate the greatest common factor of 53 and 36579434.
53
What is the highest common factor of 55 and 168594415?
55
What is the greatest common factor of 54051 and 146231?
419
Calculate the highest common divisor of 93550410 and 517830.
12630
Calculate the greatest common divisor of 8740 and 6386755.
2185
Calculate the greatest common divisor of 7378 and 8660718.
1054
Calculate the highest common factor of 86582790 and 55510.
4270
What is the greatest common divisor of 23437745 and 100205?
2045
Calculate the greatest common factor of 15 and 114413655.
15
Calculate the greatest common divisor of 455 and 73335.
5
What is the highest common divisor of 8601 and 466381?
47
What is the highest common divisor of 28048683 and 1924?
13
Calculate the highest common divisor of 167832 and 102528.
72
Calculate the greatest common divisor of 17 and 703813277.
17
What is the greatest common factor of 16005 and 154550?
55
What is the greatest common factor of 146962637 and 221?
17
What is the highest common factor of 411910 and 20485?
85
What is the highest common divisor of 4617114 and 8421?
1203
Calculate the greatest common divisor of 316751370 and 260.
130
Calculate the highest common factor of 429218954 and 7734.
2578
What is the greatest common factor of 169986252 and 9?
3
What is the highest common factor of 1149009856 and 64?
64
Calculate the greatest common divisor of 454140 and 23113.
29
What is the greatest common factor of 1516 and 934460126?
758
What is the greatest common factor of 13046 and 3487?
11
What is the greatest common factor of 323829 and 14949?
99
What is the highest common divisor of 2165 and 63622855?
2165
What is the highest common factor of 17266040 and 110?
110
Calculate the greatest common divisor of 35721 and 6566.
49
Calculate the highest common divisor of 2 and 16257996.
2
What is the highest common divisor of 2120 and 29135?
5
What is the highest common factor of 130988760 and 12936?
1176
What is the highest common factor of 2324 and 4294918?
166
Calculate the greatest common divisor of 846741 and 178059.
1281
Calculate the highest common divisor of 34541 and 12963503.
2657
What is the greatest common factor of 684733 and 511?
7
What is the greatest common factor of 12 and 11868474?
6
Calculate the greatest common factor of 154662525 and 225.
225
Calculate the greatest common factor of 65 and 46631819.
13
Calculate the greatest common divisor of 1204 and 18509780.
172
Calculate the greatest common divisor of 32848 and 4972366.
4106
What is the highest common factor of 18984634 and 271?
271
Calculate the highest common divisor of 382460 and 55380.
260
What is the highest common factor of 944 and 1123655?
59
What is the greatest common factor of 614 and 68612965?
307
Calculate the highest common factor of 32361 and 188538.
1407
Calculate the highest common divisor of 141514 and 1024852.
346
What is the greatest common factor of 34179957 and 63?
63
What is the greatest common factor of 450 and 16983666?
18
Calculate the greatest common divisor of 4924895 and 25.
5
Calculate the greatest common factor of 10 and 198923155.
5
What is the highest common divisor of 14337588 and 12?
12
What is the greatest common factor of 360633 and 291?
3
Calculate the greatest common divisor of 80120 and 719077.
2003
What is the greatest common factor of 27 and 1512243?
27
What is the highest common divisor of 15456 and 70621152?
672
Calculate the highest common factor of 218328 and 38016.
264
What is the highest common divisor of 28149884 and 8372?
644
What is the greatest common factor of 258 and 263738307?
129
What is the greatest common divisor of 386080 and 37430?
190
What is the highest common divisor of 1240 and 5315260?
620
What is the highest common factor of 53600070 and 1307?
1307
What is the greatest common factor of 2 and 1318403?
1
Calculate the greatest common factor of 2166772 and 164.
4
Calculate the highest common factor of 609534223 and 131.
131
What is the greatest common factor of 32830 and 871?
67
What is the greatest common divisor of 50816392 and 10989?
407
What is the highest common factor of 571175 and 47740?
1705
Calculate the greatest common divisor of 666906 and 861.
123
Calculate the highest common factor of 101664433 and 1157.
1157
Calculate the greatest common divisor of 152 and 4617520.
8
What is the greatest common divisor of 1209 and 89349?
39
Calculate the highest common factor of 2574